{"id":99,"date":"2015-11-30T14:26:42","date_gmt":"2015-11-30T13:26:42","guid":{"rendered":"http:\/\/www.adsservicesmerkatic.com\/?page_id=99"},"modified":"2022-11-11T20:01:10","modified_gmt":"2022-11-11T19:01:10","slug":"experience","status":"publish","type":"page","link":"https:\/\/www.adsservicesmerkatic.com\/index.php\/qui-sommes-nous\/experience\/","title":{"rendered":"EXPERIENCE"},"content":{"rendered":"\t\t<div data-elementor-type=\"wp-page\" data-elementor-id=\"99\" class=\"elementor elementor-99\" data-elementor-settings=\"[]\">\n\t\t\t\t\t\t<div class=\"elementor-inner\">\n\t\t\t\t\t\t\t<div class=\"elementor-section-wrap\">\n\t\t\t\t\t\t\t<section class=\"elementor-section elementor-top-section elementor-element elementor-element-3e89c8d7 elementor-section-height-min-height elementor-section-stretched elementor-section-boxed elementor-section-height-default elementor-section-items-middle\" data-id=\"3e89c8d7\" data-element_type=\"section\" data-settings=\"{&quot;background_background&quot;:&quot;classic&quot;,&quot;stretch_section&quot;:&quot;section-stretched&quot;}\">\n\t\t\t\t\t\t\t<div class=\"elementor-background-overlay\"><\/div>\n\t\t\t\t\t\t\t<div class=\"elementor-container elementor-column-gap-default\">\n\t\t\t\t\t\t\t<div class=\"elementor-row\">\n\t\t\t\t\t<div class=\"elementor-column elementor-col-100 elementor-top-column elementor-element elementor-element-69f6b6e\" data-id=\"69f6b6e\" data-element_type=\"column\">\n\t\t\t<div class=\"elementor-column-wrap elementor-element-populated\">\n\t\t\t\t\t\t\t<div class=\"elementor-widget-wrap\">\n\t\t\t\t\t\t<div class=\"elementor-element elementor-element-c66a678 elementor-widget elementor-widget-image\" data-id=\"c66a678\" data-element_type=\"widget\" data-widget_type=\"image.default\">\n\t\t\t\t<div class=\"elementor-widget-container\">\n\t\t\t\t\t\t\t\t<div class=\"elementor-image\">\n\t\t\t\t\t\t\t\t\t\t\t\t\t<a href=\"https:\/\/www.adsservicesmerkatic.com\/wp-content\/uploads\/2022\/11\/Photo-ADS-1.png\" data-elementor-open-lightbox=\"yes\">\n\t\t\t\t\t\t\t<img src=\"https:\/\/www.adsservicesmerkatic.com\/wp-content\/uploads\/2022\/11\/Photo-ADS-1.png\" title=\"\" alt=\"\" \/>\t\t\t\t\t\t\t\t<\/a>\n\t\t\t\t\t\t\t\t\t\t\t\t\t\t<\/div>\n\t\t\t\t\t\t<\/div>\n\t\t\t\t<\/div>\n\t\t\t\t<section class=\"elementor-section elementor-inner-section elementor-element elementor-element-bcb514b elementor-section-boxed elementor-section-height-default elementor-section-height-default\" data-id=\"bcb514b\" data-element_type=\"section\">\n\t\t\t\t\t\t<div class=\"elementor-container elementor-column-gap-default\">\n\t\t\t\t\t\t\t<div class=\"elementor-row\">\n\t\t\t\t\t<div class=\"elementor-column elementor-col-50 elementor-inner-column elementor-element elementor-element-c946a93\" data-id=\"c946a93\" data-element_type=\"column\">\n\t\t\t<div class=\"elementor-column-wrap elementor-element-populated\">\n\t\t\t\t\t\t\t<div class=\"elementor-widget-wrap\">\n\t\t\t\t\t\t<div class=\"elementor-element elementor-element-7a0baaa elementor-invisible elementor-widget elementor-widget-text-editor\" data-id=\"7a0baaa\" data-element_type=\"widget\" data-settings=\"{&quot;_animation&quot;:&quot;fadeInDown&quot;}\" data-widget_type=\"text-editor.default\">\n\t\t\t\t<div class=\"elementor-widget-container\">\n\t\t\t\t\t\t\t\t<div class=\"elementor-text-editor elementor-clearfix\">\n\t\t\t\t<p style=\"language:fr;margin-top:0pt;margin-bottom:0pt;margin-left:0in; text-align:left;direction:ltr;unicode-bidi:embed;mso-line-break-override:none; word-break:normal;punctuation-wrap:hanging\"><span style=\"font-size:18.0pt; font-family:Calibri;mso-ascii-font-family:Calibri;mso-fareast-font-family:+mn-ea; mso-bidi-font-family:+mn-cs;mso-ascii-theme-font:minor-latin;mso-fareast-theme-font: minor-fareast;mso-bidi-theme-font:minor-bidi;color:black;mso-color-index:1; mso-font-kerning:12.0pt;language:en-IN;font-weight:bold;mso-style-textfill-type: solid;mso-style-textfill-fill-themecolor:text1;mso-style-textfill-fill-color: black;mso-style-textfill-fill-alpha:100.0%\">Abasse Daouda Sall: <\/span><span style=\"font-size:18.0pt;font-family:Calibri;mso-ascii-font-family:Calibri; mso-fareast-font-family:+mn-ea;mso-bidi-font-family:+mn-cs;mso-ascii-theme-font: minor-latin;mso-fareast-theme-font:minor-fareast;mso-bidi-theme-font:minor-bidi; color:black;mso-color-index:1;mso-font-kerning:12.0pt;language:en-IN; mso-style-textfill-type:solid;mso-style-textfill-fill-themecolor:text1; mso-style-textfill-fill-color:black;mso-style-textfill-fill-alpha:100.0%\">Fondateur<\/span><span style=\"font-size:18.0pt;font-family:Calibri;mso-ascii-font-family:Calibri; mso-fareast-font-family:+mn-ea;mso-bidi-font-family:+mn-cs;mso-ascii-theme-font: minor-latin;mso-fareast-theme-font:minor-fareast;mso-bidi-theme-font:minor-bidi; color:black;mso-color-index:1;mso-font-kerning:12.0pt;language:en-IN; mso-style-textfill-type:solid;mso-style-textfill-fill-themecolor:text1; mso-style-textfill-fill-color:black;mso-style-textfill-fill-alpha:100.0%\"> et <\/span><span style=\"font-size:18.0pt;font-family:Calibri;mso-ascii-font-family:Calibri; mso-fareast-font-family:+mn-ea;mso-bidi-font-family:+mn-cs;mso-ascii-theme-font: minor-latin;mso-fareast-theme-font:minor-fareast;mso-bidi-theme-font:minor-bidi; color:black;mso-color-index:1;mso-font-kerning:12.0pt;language:en-IN; mso-style-textfill-type:solid;mso-style-textfill-fill-themecolor:text1; mso-style-textfill-fill-color:black;mso-style-textfill-fill-alpha:100.0%\">directeur<\/span><span style=\"font-size:18.0pt;font-family:Calibri;mso-ascii-font-family:Calibri; mso-fareast-font-family:+mn-ea;mso-bidi-font-family:+mn-cs;mso-ascii-theme-font: minor-latin;mso-fareast-theme-font:minor-fareast;mso-bidi-theme-font:minor-bidi; color:black;mso-color-index:1;mso-font-kerning:12.0pt;language:en-IN; mso-style-textfill-type:solid;mso-style-textfill-fill-themecolor:text1; mso-style-textfill-fill-color:black;mso-style-textfill-fill-alpha:100.0%\"> <\/span><span style=\"font-size:18.0pt;font-family:Calibri;mso-ascii-font-family:Calibri; mso-fareast-font-family:+mn-ea;mso-bidi-font-family:+mn-cs;mso-ascii-theme-font: minor-latin;mso-fareast-theme-font:minor-fareast;mso-bidi-theme-font:minor-bidi; color:black;mso-color-index:1;mso-font-kerning:12.0pt;language:en-IN; mso-style-textfill-type:solid;mso-style-textfill-fill-themecolor:text1; mso-style-textfill-fill-color:black;mso-style-textfill-fill-alpha:100.0%\">g\u00e9n\u00e9ral<\/span><span style=\"font-size:18.0pt;font-family:Calibri;mso-ascii-font-family:Calibri; mso-fareast-font-family:+mn-ea;mso-bidi-font-family:+mn-cs;mso-ascii-theme-font: minor-latin;mso-fareast-theme-font:minor-fareast;mso-bidi-theme-font:minor-bidi; color:black;mso-color-index:1;mso-font-kerning:12.0pt;language:en-IN; mso-style-textfill-type:solid;mso-style-textfill-fill-themecolor:text1; mso-style-textfill-fill-color:black;mso-style-textfill-fill-alpha:100.0%\"> <\/span><\/p>\n<div style=\"language:fr;margin-top:0pt;margin-bottom:0pt;margin-left:.31in; text-indent:-.31in;text-align:left;direction:ltr;unicode-bidi:embed;mso-line-break-override: none;word-break:normal;punctuation-wrap:hanging\"><span style=\"font-size:18.0pt;font-family:Calibri;mso-ascii-font-family:Calibri; mso-fareast-font-family:+mn-ea;mso-bidi-font-family:+mn-cs;mso-ascii-theme-font: minor-latin;mso-fareast-theme-font:minor-fareast;mso-bidi-theme-font:minor-bidi; color:black;mso-color-index:1;mso-font-kerning:12.0pt;language:en-IN; mso-style-textfill-type:solid;mso-style-textfill-fill-themecolor:text1; mso-style-textfill-fill-color:black;mso-style-textfill-fill-alpha:100.0%\">Directeur des <\/span><span style=\"font-size:18.0pt;font-family:Calibri;mso-ascii-font-family: Calibri;mso-fareast-font-family:+mn-ea;mso-bidi-font-family:+mn-cs;mso-ascii-theme-font: minor-latin;mso-fareast-theme-font:minor-fareast;mso-bidi-theme-font:minor-bidi; color:black;mso-color-index:1;mso-font-kerning:12.0pt;language:en-IN; mso-style-textfill-type:solid;mso-style-textfill-fill-themecolor:text1; mso-style-textfill-fill-color:black;mso-style-textfill-fill-alpha:100.0%\">op\u00e9rations<\/span><span style=\"font-size:18.0pt;font-family:Calibri;mso-ascii-font-family:Calibri; mso-fareast-font-family:+mn-ea;mso-bidi-font-family:+mn-cs;mso-ascii-theme-font: minor-latin;mso-fareast-theme-font:minor-fareast;mso-bidi-theme-font:minor-bidi; color:black;mso-color-index:1;mso-font-kerning:12.0pt;language:en-IN; mso-style-textfill-type:solid;mso-style-textfill-fill-themecolor:text1; mso-style-textfill-fill-color:black;mso-style-textfill-fill-alpha:100.0%\"> pour&nbsp; &nbsp;le bureau du S\u00e9n\u00e9gal<\/span><\/div>\n<p><\/p>\n<p style=\"language:fr;margin-top:0pt;margin-bottom:0pt;margin-left:0in; text-align:left;direction:ltr;unicode-bidi:embed;mso-line-break-override:none; word-break:normal;punctuation-wrap:hanging\"><span style=\"font-size:18.0pt; font-family:Calibri;mso-ascii-font-family:Calibri;mso-fareast-font-family:+mn-ea; mso-bidi-font-family:+mn-cs;mso-ascii-theme-font:minor-latin;mso-fareast-theme-font: minor-fareast;mso-bidi-theme-font:minor-bidi;color:black;mso-color-index:1; mso-font-kerning:12.0pt;language:en-IN;mso-style-textfill-type:solid; mso-style-textfill-fill-themecolor:text1;mso-style-textfill-fill-color:black; mso-style-textfill-fill-alpha:100.0%\">15+ <\/span><span style=\"font-size:18.0pt; font-family:Calibri;mso-ascii-font-family:Calibri;mso-fareast-font-family:+mn-ea; mso-bidi-font-family:+mn-cs;mso-ascii-theme-font:minor-latin;mso-fareast-theme-font: minor-fareast;mso-bidi-theme-font:minor-bidi;color:black;mso-color-index:1; mso-font-kerning:12.0pt;language:en-IN;mso-style-textfill-type:solid; mso-style-textfill-fill-themecolor:text1;mso-style-textfill-fill-color:black; mso-style-textfill-fill-alpha:100.0%\">ans<\/span><span style=\"font-size:18.0pt; font-family:Calibri;mso-ascii-font-family:Calibri;mso-fareast-font-family:+mn-ea; mso-bidi-font-family:+mn-cs;mso-ascii-theme-font:minor-latin;mso-fareast-theme-font: minor-fareast;mso-bidi-theme-font:minor-bidi;color:black;mso-color-index:1; mso-font-kerning:12.0pt;language:en-IN;mso-style-textfill-type:solid; mso-style-textfill-fill-themecolor:text1;mso-style-textfill-fill-color:black; mso-style-textfill-fill-alpha:100.0%\"> <\/span><span style=\"font-size:18.0pt; font-family:Calibri;mso-ascii-font-family:Calibri;mso-fareast-font-family:+mn-ea; mso-bidi-font-family:+mn-cs;mso-ascii-theme-font:minor-latin;mso-fareast-theme-font: minor-fareast;mso-bidi-theme-font:minor-bidi;color:black;mso-color-index:1; mso-font-kerning:12.0pt;language:en-IN;mso-style-textfill-type:solid; mso-style-textfill-fill-themecolor:text1;mso-style-textfill-fill-color:black; mso-style-textfill-fill-alpha:100.0%\">d&rsquo;exp\u00e9rience<\/span><span style=\"font-size:18.0pt;font-family:Calibri;mso-ascii-font-family:Calibri; mso-fareast-font-family:+mn-ea;mso-bidi-font-family:+mn-cs;mso-ascii-theme-font: minor-latin;mso-fareast-theme-font:minor-fareast;mso-bidi-theme-font:minor-bidi; color:black;mso-color-index:1;mso-font-kerning:12.0pt;language:en-IN; mso-style-textfill-type:solid;mso-style-textfill-fill-themecolor:text1; mso-style-textfill-fill-color:black;mso-style-textfill-fill-alpha:100.0%\"> dans&nbsp;la <\/span><span style=\"font-size:18.0pt;font-family:Calibri;mso-ascii-font-family: Calibri;mso-fareast-font-family:+mn-ea;mso-bidi-font-family:+mn-cs;mso-ascii-theme-font: minor-latin;mso-fareast-theme-font:minor-fareast;mso-bidi-theme-font:minor-bidi; color:black;mso-color-index:1;mso-font-kerning:12.0pt;language:en-IN; mso-style-textfill-type:solid;mso-style-textfill-fill-themecolor:text1; mso-style-textfill-fill-color:black;mso-style-textfill-fill-alpha:100.0%\">conduite<\/span><span style=\"font-size:18.0pt;font-family:Calibri;mso-ascii-font-family:Calibri; mso-fareast-font-family:+mn-ea;mso-bidi-font-family:+mn-cs;mso-ascii-theme-font: minor-latin;mso-fareast-theme-font:minor-fareast;mso-bidi-theme-font:minor-bidi; color:black;mso-color-index:1;mso-font-kerning:12.0pt;language:en-IN; mso-style-textfill-type:solid;mso-style-textfill-fill-themecolor:text1; mso-style-textfill-fill-color:black;mso-style-textfill-fill-alpha:100.0%\"> de <\/span><span style=\"font-size:18.0pt;font-family:Calibri;mso-ascii-font-family:Calibri; mso-fareast-font-family:+mn-ea;mso-bidi-font-family:+mn-cs;mso-ascii-theme-font: minor-latin;mso-fareast-theme-font:minor-fareast;mso-bidi-theme-font:minor-bidi; color:black;mso-color-index:1;mso-font-kerning:12.0pt;language:en-IN; mso-style-textfill-type:solid;mso-style-textfill-fill-themecolor:text1; mso-style-textfill-fill-color:black;mso-style-textfill-fill-alpha:100.0%\">recherches<\/span><span style=\"font-size:18.0pt;font-family:Calibri;mso-ascii-font-family:Calibri; mso-fareast-font-family:+mn-ea;mso-bidi-font-family:+mn-cs;mso-ascii-theme-font: minor-latin;mso-fareast-theme-font:minor-fareast;mso-bidi-theme-font:minor-bidi; color:black;mso-color-index:1;mso-font-kerning:12.0pt;language:en-IN; mso-style-textfill-type:solid;mso-style-textfill-fill-themecolor:text1; mso-style-textfill-fill-color:black;mso-style-textfill-fill-alpha:100.0%\"> <\/span><span style=\"font-size:18.0pt;font-family:Calibri;mso-ascii-font-family:Calibri; mso-fareast-font-family:+mn-ea;mso-bidi-font-family:+mn-cs;mso-ascii-theme-font: minor-latin;mso-fareast-theme-font:minor-fareast;mso-bidi-theme-font:minor-bidi; color:black;mso-color-index:1;mso-font-kerning:12.0pt;language:en-IN; mso-style-textfill-type:solid;mso-style-textfill-fill-themecolor:text1; mso-style-textfill-fill-color:black;mso-style-textfill-fill-alpha:100.0%\">quantitatives<\/span><span style=\"font-size:18.0pt;font-family:Calibri;mso-ascii-font-family:Calibri; mso-fareast-font-family:+mn-ea;mso-bidi-font-family:+mn-cs;mso-ascii-theme-font: minor-latin;mso-fareast-theme-font:minor-fareast;mso-bidi-theme-font:minor-bidi; color:black;mso-color-index:1;mso-font-kerning:12.0pt;language:en-IN; mso-style-textfill-type:solid;mso-style-textfill-fill-themecolor:text1; mso-style-textfill-fill-color:black;mso-style-textfill-fill-alpha:100.0%\"> et <\/span><span style=\"font-size:18.0pt;font-family:Calibri;mso-ascii-font-family:Calibri; mso-fareast-font-family:+mn-ea;mso-bidi-font-family:+mn-cs;mso-ascii-theme-font: minor-latin;mso-fareast-theme-font:minor-fareast;mso-bidi-theme-font:minor-bidi; color:black;mso-color-index:1;mso-font-kerning:12.0pt;language:en-IN; mso-style-textfill-type:solid;mso-style-textfill-fill-themecolor:text1; mso-style-textfill-fill-color:black;mso-style-textfill-fill-alpha:100.0%\">qualitatives<\/span><\/p><p style=\"language:fr;margin-top:0pt;margin-bottom:0pt;margin-left:0in; text-align:left;direction:ltr;unicode-bidi:embed;mso-line-break-override:none; word-break:normal;punctuation-wrap:hanging\"><br><\/p>\n<p style=\"language:fr;margin-top:0pt;margin-bottom:0pt;margin-left:0in; text-align:left;direction:ltr;unicode-bidi:embed;mso-line-break-override:none; word-break:normal;punctuation-wrap:hanging\"><span style=\"font-size:18.0pt;font-family:Calibri;mso-ascii-font-family:Calibri; mso-fareast-font-family:+mn-ea;mso-bidi-font-family:+mn-cs;mso-ascii-theme-font: minor-latin;mso-fareast-theme-font:minor-fareast;mso-bidi-theme-font:minor-bidi; color:black;mso-color-index:1;mso-font-kerning:12.0pt;language:en-IN; mso-style-textfill-type:solid;mso-style-textfill-fill-themecolor:text1; mso-style-textfill-fill-color:black;mso-style-textfill-fill-alpha:100.0%\"><br><\/span><\/p>\t\t\t\t\t<\/div>\n\t\t\t\t\t\t<\/div>\n\t\t\t\t<\/div>\n\t\t\t\t\t\t<\/div>\n\t\t\t\t\t<\/div>\n\t\t<\/div>\n\t\t\t\t<div class=\"elementor-column elementor-col-50 elementor-inner-column elementor-element elementor-element-052b9ae\" data-id=\"052b9ae\" data-element_type=\"column\">\n\t\t\t<div class=\"elementor-column-wrap elementor-element-populated\">\n\t\t\t\t\t\t\t<div class=\"elementor-widget-wrap\">\n\t\t\t\t\t\t<div class=\"elementor-element elementor-element-4d9305d elementor-drop-cap-yes elementor-drop-cap-view-default elementor-invisible elementor-widget elementor-widget-text-editor\" data-id=\"4d9305d\" data-element_type=\"widget\" data-settings=\"{&quot;drop_cap&quot;:&quot;yes&quot;,&quot;_animation&quot;:&quot;fadeInDown&quot;}\" data-widget_type=\"text-editor.default\">\n\t\t\t\t<div class=\"elementor-widget-container\">\n\t\t\t\t\t\t\t\t<div class=\"elementor-text-editor elementor-clearfix\">\n\t\t\t\t<p style=\"language:fr;margin-top:0pt;margin-bottom:0pt;margin-left:0in; text-align:left;direction:ltr;unicode-bidi:embed;mso-line-break-override:none; word-break:normal;punctuation-wrap:hanging\"><span style=\"font-size:18.0pt; font-family:Calibri;mso-ascii-font-family:Calibri;mso-fareast-font-family:+mn-ea; mso-bidi-font-family:+mn-cs;mso-ascii-theme-font:minor-latin;mso-fareast-theme-font: minor-fareast;mso-bidi-theme-font:minor-bidi;color:black;mso-color-index:1; mso-font-kerning:12.0pt;language:en-IN;font-weight:bold;mso-style-textfill-type: solid;mso-style-textfill-fill-themecolor:text1;mso-style-textfill-fill-color: black;mso-style-textfill-fill-alpha:100.0%\">Ibrahima Telly Diallo: <\/span><span style=\"font-size:18.0pt;font-family:Calibri;mso-ascii-font-family:Calibri; mso-fareast-font-family:+mn-ea;mso-bidi-font-family:+mn-cs;mso-ascii-theme-font: minor-latin;mso-fareast-theme-font:minor-fareast;mso-bidi-theme-font:minor-bidi; color:black;mso-color-index:1;mso-font-kerning:12.0pt;language:en-IN; mso-style-textfill-type:solid;mso-style-textfill-fill-themecolor:text1; mso-style-textfill-fill-color:black;mso-style-textfill-fill-alpha:100.0%\">Directeur<br>des <\/span><span style=\"font-size:18.0pt;font-family:Calibri;mso-ascii-font-family: Calibri;mso-fareast-font-family:+mn-ea;mso-bidi-font-family:+mn-cs;mso-ascii-theme-font: minor-latin;mso-fareast-theme-font:minor-fareast;mso-bidi-theme-font:minor-bidi; color:black;mso-color-index:1;mso-font-kerning:12.0pt;language:en-IN; mso-style-textfill-type:solid;mso-style-textfill-fill-themecolor:text1; mso-style-textfill-fill-color:black;mso-style-textfill-fill-alpha:100.0%\">op\u00e9rations<\/span><span style=\"font-size:18.0pt;font-family:Calibri;mso-ascii-font-family:Calibri; mso-fareast-font-family:+mn-ea;mso-bidi-font-family:+mn-cs;mso-ascii-theme-font: minor-latin;mso-fareast-theme-font:minor-fareast;mso-bidi-theme-font:minor-bidi; color:black;mso-color-index:1;mso-font-kerning:12.0pt;language:en-IN; mso-style-textfill-type:solid;mso-style-textfill-fill-themecolor:text1; mso-style-textfill-fill-color:black;mso-style-textfill-fill-alpha:100.0%\"> pour&nbsp;le bureau de Guin\u00e9e Conakry<\/span><\/p>\n<div style=\"language:fr;margin-top:0pt;margin-bottom:0pt;margin-left:.31in; text-indent:-.31in;text-align:left;direction:ltr;unicode-bidi:embed;mso-line-break-override: none;word-break:normal;punctuation-wrap:hanging\"><span style=\"font-size:18.0pt;font-family:Calibri;mso-ascii-font-family:Calibri; mso-fareast-font-family:+mn-ea;mso-bidi-font-family:+mn-cs;mso-ascii-theme-font: minor-latin;mso-fareast-theme-font:minor-fareast;mso-bidi-theme-font:minor-bidi; color:black;mso-color-index:1;mso-font-kerning:12.0pt;language:en-IN; mso-style-textfill-type:solid;mso-style-textfill-fill-themecolor:text1; mso-style-textfill-fill-color:black;mso-style-textfill-fill-alpha:100.0%\">Chef&nbsp;de <\/span><span style=\"font-size:18.0pt;font-family:Calibri;mso-ascii-font-family: Calibri;mso-fareast-font-family:+mn-ea;mso-bidi-font-family:+mn-cs;mso-ascii-theme-font: minor-latin;mso-fareast-theme-font:minor-fareast;mso-bidi-theme-font:minor-bidi; color:black;mso-color-index:1;mso-font-kerning:12.0pt;language:en-IN; mso-style-textfill-type:solid;mso-style-textfill-fill-themecolor:text1; mso-style-textfill-fill-color:black;mso-style-textfill-fill-alpha:100.0%\">projet&nbsp;<\/span><span style=\"font-size:18.0pt;font-family:Calibri;mso-ascii-font-family:Calibri; mso-fareast-font-family:+mn-ea;mso-bidi-font-family:+mn-cs;mso-ascii-theme-font: minor-latin;mso-fareast-theme-font:minor-fareast;mso-bidi-theme-font:minor-bidi; color:black;mso-color-index:1;mso-font-kerning:12.0pt;language:en-IN; mso-style-textfill-type:solid;mso-style-textfill-fill-themecolor:text1; mso-style-textfill-fill-color:black;mso-style-textfill-fill-alpha:100.0%\">senior pour la Guin\u00e9e Conakry, le Liberia et la Sierra Leone&nbsp;<\/span><br><span style=\"background-color: transparent; font-size: 18pt; font-family: Calibri; color: black;\">10+ <\/span><span style=\"background-color: transparent; font-size: 18pt; font-family: Calibri; color: black;\">ans<\/span><span style=\"background-color: transparent; font-size: 18pt; font-family: Calibri; color: black;\"> <\/span><span style=\"background-color: transparent; font-size: 18pt; font-family: Calibri; color: black;\">d&rsquo;exp\u00e9rience<\/span><span style=\"background-color: transparent; font-size: 18pt; font-family: Calibri; color: black;\"> dans<\/span><\/div>\n<p style=\"language:fr;margin-top:0pt;margin-bottom:0pt;margin-left:0in; text-align:left;direction:ltr;unicode-bidi:embed;mso-line-break-override:none; word-break:normal;punctuation-wrap:hanging\"><span style=\"font-size:18.0pt;font-family:Calibri;mso-ascii-font-family:Calibri; mso-fareast-font-family:+mn-ea;mso-bidi-font-family:+mn-cs;mso-ascii-theme-font: minor-latin;mso-fareast-theme-font:minor-fareast;mso-bidi-theme-font:minor-bidi; color:black;mso-color-index:1;mso-font-kerning:12.0pt;language:en-IN; mso-style-textfill-type:solid;mso-style-textfill-fill-themecolor:text1; mso-style-textfill-fill-color:black;mso-style-textfill-fill-alpha:100.0%\">la <\/span><span style=\"font-size:18.0pt;font-family:Calibri;mso-ascii-font-family: Calibri;mso-fareast-font-family:+mn-ea;mso-bidi-font-family:+mn-cs;mso-ascii-theme-font: minor-latin;mso-fareast-theme-font:minor-fareast;mso-bidi-theme-font:minor-bidi; color:black;mso-color-index:1;mso-font-kerning:12.0pt;language:en-IN; mso-style-textfill-type:solid;mso-style-textfill-fill-themecolor:text1; mso-style-textfill-fill-color:black;mso-style-textfill-fill-alpha:100.0%\">conduite<\/span><span style=\"font-size:18.0pt;font-family:Calibri;mso-ascii-font-family:Calibri; mso-fareast-font-family:+mn-ea;mso-bidi-font-family:+mn-cs;mso-ascii-theme-font: minor-latin;mso-fareast-theme-font:minor-fareast;mso-bidi-theme-font:minor-bidi; color:black;mso-color-index:1;mso-font-kerning:12.0pt;language:en-IN; mso-style-textfill-type:solid;mso-style-textfill-fill-themecolor:text1; mso-style-textfill-fill-color:black;mso-style-textfill-fill-alpha:100.0%\"> de <\/span><span style=\"font-size:18.0pt;font-family:Calibri;mso-ascii-font-family:Calibri; mso-fareast-font-family:+mn-ea;mso-bidi-font-family:+mn-cs;mso-ascii-theme-font: minor-latin;mso-fareast-theme-font:minor-fareast;mso-bidi-theme-font:minor-bidi; color:black;mso-color-index:1;mso-font-kerning:12.0pt;language:en-IN; mso-style-textfill-type:solid;mso-style-textfill-fill-themecolor:text1; mso-style-textfill-fill-color:black;mso-style-textfill-fill-alpha:100.0%\">recherches<\/span><span style=\"font-size:18.0pt;font-family:Calibri;mso-ascii-font-family:Calibri; mso-fareast-font-family:+mn-ea;mso-bidi-font-family:+mn-cs;mso-ascii-theme-font: minor-latin;mso-fareast-theme-font:minor-fareast;mso-bidi-theme-font:minor-bidi; color:black;mso-color-index:1;mso-font-kerning:12.0pt;language:en-IN; mso-style-textfill-type:solid;mso-style-textfill-fill-themecolor:text1; mso-style-textfill-fill-color:black;mso-style-textfill-fill-alpha:100.0%\"> <\/span><span style=\"font-size:18.0pt;font-family:Calibri;mso-ascii-font-family:Calibri; mso-fareast-font-family:+mn-ea;mso-bidi-font-family:+mn-cs;mso-ascii-theme-font: minor-latin;mso-fareast-theme-font:minor-fareast;mso-bidi-theme-font:minor-bidi; color:black;mso-color-index:1;mso-font-kerning:12.0pt;language:en-IN; mso-style-textfill-type:solid;mso-style-textfill-fill-themecolor:text1; mso-style-textfill-fill-color:black;mso-style-textfill-fill-alpha:100.0%\">quantitatives<\/span><span style=\"font-size:18.0pt;font-family:Calibri;mso-ascii-font-family:Calibri; mso-fareast-font-family:+mn-ea;mso-bidi-font-family:+mn-cs;mso-ascii-theme-font: minor-latin;mso-fareast-theme-font:minor-fareast;mso-bidi-theme-font:minor-bidi; color:black;mso-color-index:1;mso-font-kerning:12.0pt;language:en-IN; mso-style-textfill-type:solid;mso-style-textfill-fill-themecolor:text1; mso-style-textfill-fill-color:black;mso-style-textfill-fill-alpha:100.0%\"> et <\/span><span style=\"font-size:18.0pt;font-family:Calibri;mso-ascii-font-family:Calibri; mso-fareast-font-family:+mn-ea;mso-bidi-font-family:+mn-cs;mso-ascii-theme-font: minor-latin;mso-fareast-theme-font:minor-fareast;mso-bidi-theme-font:minor-bidi; color:black;mso-color-index:1;mso-font-kerning:12.0pt;language:en-IN; mso-style-textfill-type:solid;mso-style-textfill-fill-themecolor:text1; mso-style-textfill-fill-color:black;mso-style-textfill-fill-alpha:100.0%\">qualitatives<\/span><\/p>\t\t\t\t\t<\/div>\n\t\t\t\t\t\t<\/div>\n\t\t\t\t<\/div>\n\t\t\t\t\t\t<\/div>\n\t\t\t\t\t<\/div>\n\t\t<\/div>\n\t\t\t\t\t\t\t\t<\/div>\n\t\t\t\t\t<\/div>\n\t\t<\/section>\n\t\t\t\t\t\t<\/div>\n\t\t\t\t\t<\/div>\n\t\t<\/div>\n\t\t\t\t\t\t\t\t<\/div>\n\t\t\t\t\t<\/div>\n\t\t<\/section>\n\t\t\t\t\t\t<\/div>\n\t\t\t\t\t\t<\/div>\n\t\t\t\t\t<\/div>\n\t\t","protected":false},"excerpt":{"rendered":"<p>Abasse Daouda Sall: Fondateur et directeur g\u00e9n\u00e9ral Directeur des op\u00e9rations pour&nbsp; &nbsp;le bureau du S\u00e9n\u00e9gal 15+ ans d&rsquo;exp\u00e9rience dans&nbsp;la conduite de recherches quantitatives et qualitatives Ibrahima Telly Diallo: Directeurdes op\u00e9rations pour&nbsp;le bureau de Guin\u00e9e Conakry Chef&nbsp;de projet&nbsp;senior pour la Guin\u00e9e Conakry, le Liberia et la Sierra Leone&nbsp;10+ ans d&rsquo;exp\u00e9rience dans la conduite de recherches quantitatives [&hellip;]<\/p>\n","protected":false},"author":1,"featured_media":0,"parent":71,"menu_order":1,"comment_status":"closed","ping_status":"closed","template":"","meta":[],"_links":{"self":[{"href":"https:\/\/www.adsservicesmerkatic.com\/index.php\/wp-json\/wp\/v2\/pages\/99"}],"collection":[{"href":"https:\/\/www.adsservicesmerkatic.com\/index.php\/wp-json\/wp\/v2\/pages"}],"about":[{"href":"https:\/\/www.adsservicesmerkatic.com\/index.php\/wp-json\/wp\/v2\/types\/page"}],"author":[{"embeddable":true,"href":"https:\/\/www.adsservicesmerkatic.com\/index.php\/wp-json\/wp\/v2\/users\/1"}],"replies":[{"embeddable":true,"href":"https:\/\/www.adsservicesmerkatic.com\/index.php\/wp-json\/wp\/v2\/comments?post=99"}],"version-history":[{"count":117,"href":"https:\/\/www.adsservicesmerkatic.com\/index.php\/wp-json\/wp\/v2\/pages\/99\/revisions"}],"predecessor-version":[{"id":2238,"href":"https:\/\/www.adsservicesmerkatic.com\/index.php\/wp-json\/wp\/v2\/pages\/99\/revisions\/2238"}],"up":[{"embeddable":true,"href":"https:\/\/www.adsservicesmerkatic.com\/index.php\/wp-json\/wp\/v2\/pages\/71"}],"wp:attachment":[{"href":"https:\/\/www.adsservicesmerkatic.com\/index.php\/wp-json\/wp\/v2\/media?parent=99"}],"curies":[{"name":"wp","href":"https:\/\/api.w.org\/{rel}","templated":true}]}}